{"id":896,"date":"2019-10-18T10:00:57","date_gmt":"2019-10-18T08:00:57","guid":{"rendered":"http:\/\/wordpress1976502.home.pl\/autoinstalator\/wordpressplus\/?page_id=896"},"modified":"2019-12-18T11:57:28","modified_gmt":"2019-12-18T10:57:28","slug":"dzieciniec-pod-sloncem","status":"publish","type":"page","link":"https:\/\/entelpro.pl\/index.php\/dzieciniec-pod-sloncem\/","title":{"rendered":"Dzieciniec pod s\u0142o\u0144cem"},"content":{"rendered":"\t\t<div data-elementor-type=\"wp-page\" data-elementor-id=\"896\" class=\"elementor elementor-896\" data-elementor-settings=\"[]\">\n\t\t\t\t\t\t<div class=\"elementor-inner\">\n\t\t\t\t\t\t\t<div class=\"elementor-section-wrap\">\n\t\t\t\t\t\t\t<section class=\"elementor-section elementor-top-section elementor-element elementor-element-fd05572 elementor-section-boxed elementor-section-height-default elementor-section-height-default\" data-id=\"fd05572\" data-element_type=\"section\">\n\t\t\t\t\t\t<div class=\"elementor-container elementor-column-gap-default\">\n\t\t\t\t\t\t\t<div class=\"elementor-row\">\n\t\t\t\t\t<div class=\"elementor-column elementor-col-25 elementor-top-column elementor-element elementor-element-8a35ef5\" data-id=\"8a35ef5\" data-element_type=\"column\">\n\t\t\t<div class=\"elementor-column-wrap elementor-element-populated\">\n\t\t\t\t\t\t\t<div class=\"elementor-widget-wrap\">\n\t\t\t\t\t\t<div class=\"elementor-element elementor-element-b66dbf8 elementor-button-info elementor-widget elementor-widget-button\" data-id=\"b66dbf8\" data-element_type=\"widget\" data-widget_type=\"button.default\">\n\t\t\t\t<div class=\"elementor-widget-container\">\n\t\t\t\t\t<div class=\"elementor-button-wrapper\">\n\t\t\t<a href=\"http:\/\/entelpro.pl\/index.php\/realizacje\/\" class=\"elementor-button-link elementor-button elementor-size-sm\" role=\"button\">\n\t\t\t\t\t\t<span class=\"elementor-button-content-wrapper\">\n\t\t\t\t\t\t<span class=\"elementor-button-icon elementor-align-icon-left\">\n\t\t\t\t<i aria-hidden=\"true\" class=\"far fa-caret-square-up\"><\/i>\t\t\t<\/span>\n\t\t\t\t\t\t<span class=\"elementor-button-text\">Back<\/span>\n\t\t<\/span>\n\t\t\t\t\t<\/a>\n\t\t<\/div>\n\t\t\t\t<\/div>\n\t\t\t\t<\/div>\n\t\t\t\t\t\t<\/div>\n\t\t\t\t\t<\/div>\n\t\t<\/div>\n\t\t\t\t<div class=\"elementor-column elementor-col-25 elementor-top-column elementor-element elementor-element-d4c65bd\" data-id=\"d4c65bd\" data-element_type=\"column\">\n\t\t\t<div class=\"elementor-column-wrap\">\n\t\t\t\t\t\t\t<div class=\"elementor-widget-wrap\">\n\t\t\t\t\t\t\t\t<\/div>\n\t\t\t\t\t<\/div>\n\t\t<\/div>\n\t\t\t\t<div class=\"elementor-column elementor-col-25 elementor-top-column elementor-element elementor-element-8e497bd\" data-id=\"8e497bd\" data-element_type=\"column\">\n\t\t\t<div class=\"elementor-column-wrap elementor-element-populated\">\n\t\t\t\t\t\t\t<div class=\"elementor-widget-wrap\">\n\t\t\t\t\t\t<div class=\"elementor-element elementor-element-3f3542c elementor-button-info elementor-align-left elementor-widget-mobile__width-initial elementor-widget elementor-widget-button\" data-id=\"3f3542c\" data-element_type=\"widget\" data-widget_type=\"button.default\">\n\t\t\t\t<div class=\"elementor-widget-container\">\n\t\t\t\t\t<div class=\"elementor-button-wrapper\">\n\t\t\t<a href=\"http:\/\/entelpro.pl\/index.php\/politechnika-wroclawska\/\" class=\"elementor-button-link elementor-button elementor-size-sm\" role=\"button\">\n\t\t\t\t\t\t<span class=\"elementor-button-content-wrapper\">\n\t\t\t\t\t\t<span class=\"elementor-button-icon elementor-align-icon-left\">\n\t\t\t\t<i aria-hidden=\"true\" class=\"far fa-caret-square-left\"><\/i>\t\t\t<\/span>\n\t\t\t\t\t\t<span class=\"elementor-button-text\">Previous<\/span>\n\t\t<\/span>\n\t\t\t\t\t<\/a>\n\t\t<\/div>\n\t\t\t\t<\/div>\n\t\t\t\t<\/div>\n\t\t\t\t\t\t<\/div>\n\t\t\t\t\t<\/div>\n\t\t<\/div>\n\t\t\t\t<div class=\"elementor-column elementor-col-25 elementor-top-column elementor-element elementor-element-8365c06\" data-id=\"8365c06\" data-element_type=\"column\">\n\t\t\t<div class=\"elementor-column-wrap elementor-element-populated\">\n\t\t\t\t\t\t\t<div class=\"elementor-widget-wrap\">\n\t\t\t\t\t\t<div class=\"elementor-element elementor-element-2787633 elementor-button-info elementor-align-right elementor-widget-mobile__width-initial elementor-absolute elementor-widget elementor-widget-button\" data-id=\"2787633\" data-element_type=\"widget\" data-settings=\"{&quot;_position&quot;:&quot;absolute&quot;}\" data-widget_type=\"button.default\">\n\t\t\t\t<div class=\"elementor-widget-container\">\n\t\t\t\t\t<div class=\"elementor-button-wrapper\">\n\t\t\t<a href=\"http:\/\/entelpro.pl\/index.php\/zabudowa-szeregowa-ul-planetarna-zalasewo\/\" class=\"elementor-button-link elementor-button elementor-size-sm\" role=\"button\">\n\t\t\t\t\t\t<span class=\"elementor-button-content-wrapper\">\n\t\t\t\t\t\t<span class=\"elementor-button-icon elementor-align-icon-left\">\n\t\t\t\t<i aria-hidden=\"true\" class=\"far fa-caret-square-right\"><\/i>\t\t\t<\/span>\n\t\t\t\t\t\t<span class=\"elementor-button-text\">Next<\/span>\n\t\t<\/span>\n\t\t\t\t\t<\/a>\n\t\t<\/div>\n\t\t\t\t<\/div>\n\t\t\t\t<\/div>\n\t\t\t\t\t\t<\/div>\n\t\t\t\t\t<\/div>\n\t\t<\/div>\n\t\t\t\t\t\t\t\t<\/div>\n\t\t\t\t\t<\/div>\n\t\t<\/section>\n\t\t\t\t<section class=\"elementor-section elementor-top-section elementor-element elementor-element-762f205 elementor-section-boxed elementor-section-height-default elementor-section-height-default\" data-id=\"762f205\" data-element_type=\"section\">\n\t\t\t\t\t\t<div class=\"elementor-container elementor-column-gap-default\">\n\t\t\t\t\t\t\t<div class=\"elementor-row\">\n\t\t\t\t\t<div class=\"elementor-column elementor-col-50 elementor-top-column elementor-element elementor-element-61b5715\" data-id=\"61b5715\" data-element_type=\"column\">\n\t\t\t<div class=\"elementor-column-wrap elementor-element-populated\">\n\t\t\t\t\t\t\t<div class=\"elementor-widget-wrap\">\n\t\t\t\t\t\t<div class=\"elementor-element elementor-element-2c4566c elementor-widget elementor-widget-image\" data-id=\"2c4566c\" data-element_type=\"widget\" data-widget_type=\"image.default\">\n\t\t\t\t<div class=\"elementor-widget-container\">\n\t\t\t\t\t\t\t\t<div class=\"elementor-image\">\n\t\t\t\t\t\t\t\t\t\t\t\t\t<a href=\"http:\/\/demiurg.com.pl\/index.php\/portfolio\/dzieciniec\/\" target=\"_blank\">\n\t\t\t\t\t\t\t<img width=\"1024\" height=\"724\" src=\"https:\/\/entelpro.pl\/wp-content\/uploads\/2019\/10\/47573918_1779192765518315_8014335994251706368_o-1024x724.jpg\" class=\"attachment-large size-large\" alt=\"\" loading=\"lazy\" srcset=\"https:\/\/entelpro.pl\/wp-content\/uploads\/2019\/10\/47573918_1779192765518315_8014335994251706368_o-1024x724.jpg 1024w, https:\/\/entelpro.pl\/wp-content\/uploads\/2019\/10\/47573918_1779192765518315_8014335994251706368_o-300x212.jpg 300w, https:\/\/entelpro.pl\/wp-content\/uploads\/2019\/10\/47573918_1779192765518315_8014335994251706368_o-768x543.jpg 768w, https:\/\/entelpro.pl\/wp-content\/uploads\/2019\/10\/47573918_1779192765518315_8014335994251706368_o.jpg 1875w\" sizes=\"(max-width: 1024px) 100vw, 1024px\" \/>\t\t\t\t\t\t\t\t<\/a>\n\t\t\t\t\t\t\t\t\t\t\t\t\t\t<\/div>\n\t\t\t\t\t\t<\/div>\n\t\t\t\t<\/div>\n\t\t\t\t<div class=\"elementor-element elementor-element-1f61e44 elementor-widget elementor-widget-image\" data-id=\"1f61e44\" data-element_type=\"widget\" data-widget_type=\"image.default\">\n\t\t\t\t<div class=\"elementor-widget-container\">\n\t\t\t\t\t\t\t\t<div class=\"elementor-image\">\n\t\t\t\t\t\t\t\t\t\t\t\t\t<a href=\"http:\/\/demiurg.com.pl\/index.php\/portfolio\/dzieciniec\/\" target=\"_blank\">\n\t\t\t\t\t\t\t<img width=\"1024\" height=\"724\" src=\"https:\/\/entelpro.pl\/wp-content\/uploads\/2019\/10\/48046638_1779192825518309_4498704283776057344_o-1024x724.jpg\" class=\"attachment-large size-large\" alt=\"\" loading=\"lazy\" srcset=\"https:\/\/entelpro.pl\/wp-content\/uploads\/2019\/10\/48046638_1779192825518309_4498704283776057344_o-1024x724.jpg 1024w, https:\/\/entelpro.pl\/wp-content\/uploads\/2019\/10\/48046638_1779192825518309_4498704283776057344_o-300x212.jpg 300w, https:\/\/entelpro.pl\/wp-content\/uploads\/2019\/10\/48046638_1779192825518309_4498704283776057344_o-768x543.jpg 768w, https:\/\/entelpro.pl\/wp-content\/uploads\/2019\/10\/48046638_1779192825518309_4498704283776057344_o.jpg 2048w\" sizes=\"(max-width: 1024px) 100vw, 1024px\" \/>\t\t\t\t\t\t\t\t<\/a>\n\t\t\t\t\t\t\t\t\t\t\t\t\t\t<\/div>\n\t\t\t\t\t\t<\/div>\n\t\t\t\t<\/div>\n\t\t\t\t<div class=\"elementor-element elementor-element-f5b0450 elementor-widget elementor-widget-image\" data-id=\"f5b0450\" data-element_type=\"widget\" data-widget_type=\"image.default\">\n\t\t\t\t<div class=\"elementor-widget-container\">\n\t\t\t\t\t\t\t\t<div class=\"elementor-image\">\n\t\t\t\t\t\t\t\t\t<figure class=\"wp-caption\">\n\t\t\t\t\t\t\t\t\t\t\t<a href=\"https:\/\/www.google.pl\/maps\/place\/M%C5%82odzie%C5%BCowy+Dom+Kultury+nr+1\/@52.394925,16.934245,3a,83.1y,90t\/data=!3m8!1e2!3m6!1sAF1QipNS9u2Q8196eYcy72yvhTKtQ6wbxNA-k9TJPyJ5!2e10!3e12!6shttps:%2F%2Flh5.googleusercontent.com%2Fp%2FAF1QipNS9u2Q8196eYcy72yvhTKtQ6wbxNA-k9TJPyJ5%3Dw117-h86-k-no!7i1024!8i751!4m5!3m4!1s0x47045b187980f5af:0x5bf4833f439a46ef!8m2!3d52.394925!4d16.934245#\" target=\"_blank\">\n\t\t\t\t\t\t\t<img width=\"1024\" height=\"763\" src=\"https:\/\/entelpro.pl\/wp-content\/uploads\/2019\/10\/Dzieciniec-1024x763.jpg\" class=\"attachment-large size-large\" alt=\"\" loading=\"lazy\" srcset=\"https:\/\/entelpro.pl\/wp-content\/uploads\/2019\/10\/Dzieciniec-1024x763.jpg 1024w, https:\/\/entelpro.pl\/wp-content\/uploads\/2019\/10\/Dzieciniec-300x224.jpg 300w, https:\/\/entelpro.pl\/wp-content\/uploads\/2019\/10\/Dzieciniec-768x572.jpg 768w, https:\/\/entelpro.pl\/wp-content\/uploads\/2019\/10\/Dzieciniec.jpg 1151w\" sizes=\"(max-width: 1024px) 100vw, 1024px\" \/>\t\t\t\t\t\t\t\t<\/a>\n\t\t\t\t\t\t\t\t\t\t\t<figcaption class=\"widget-image-caption wp-caption-text\">https:\/\/www.google.pl\/maps\/place\/M%C5%82odzie%C5%BCowy+Dom+Kultury+nr+1\/<\/figcaption>\n\t\t\t\t\t\t\t\t\t\t<\/figure>\n\t\t\t\t\t\t\t\t<\/div>\n\t\t\t\t\t\t<\/div>\n\t\t\t\t<\/div>\n\t\t\t\t\t\t<\/div>\n\t\t\t\t\t<\/div>\n\t\t<\/div>\n\t\t\t\t<div class=\"elementor-column elementor-col-50 elementor-top-column elementor-element elementor-element-38659c7\" data-id=\"38659c7\" data-element_type=\"column\">\n\t\t\t<div class=\"elementor-column-wrap elementor-element-populated\">\n\t\t\t\t\t\t\t<div class=\"elementor-widget-wrap\">\n\t\t\t\t\t\t<div class=\"elementor-element elementor-element-d151a56 elementor-widget elementor-widget-text-editor\" data-id=\"d151a56\" data-element_type=\"widget\" data-widget_type=\"text-editor.default\">\n\t\t\t\t<div class=\"elementor-widget-container\">\n\t\t\t\t\t\t\t\t<div class=\"elementor-text-editor elementor-clearfix\">\n\t\t\t\t<p>PRZEBUDOWA ISTNIEJ\u0104CYCH BUDYNK\u00d3W, ROZBI\u00d3RKA OBIEKTU GOSPODARCZEGO, BUDOWA WEWN\u0118TRZNEJ INSTALACJI GAZU, ZMIANA SPOSOBU U\u017bYTKOWANIA POMIESZCZE\u0143 PODDASZA BUDYNKU A, I PI\u0118TRA BUDYNKU C, BUDYNKU D, I PI\u0118TRA I PODDASZA BUDYNKU E, BUDOWA NOWEGO BUDYNKU GOSPODARCZEGO, WRAZ Z ZAGOSPODAROWANIEM I REWALORYZACJ\u0104 TERENU ORAZ INFRASTRUKTUR\u0104 TOWARZYSZ\u0104C\u0104 NA TERENIE OGRODU JORDANOWSKIEGO &#8222;DZIECINIEC POD S\u0141O\u0143CEM&#8221;.<\/p><p>Kubatura budynku: 6417,72 m3<\/p><p>Powierzchnia u\u017cytkowa: 1604,43 m2<\/p><p>Rok wydania projektu: 2019<\/p><p>Zakres:\u00a0Opracowanie niniejsze zawiera\u0142o nast\u0119puj\u0105ce instalacje oraz ich elementy:<\/p><ul><li>Schemat zasilania budynk\u00f3w,<\/li><li>Instalacj\u0119 o\u015bwietlenia wewn\u0119trznego<\/li><li>System o\u015bwietlenia awaryjnego<\/li><li>Wewn\u0119trzne linie zasilaj\u0105ce<\/li><li>Instalacj\u0119 zasilania gniazd wtykowych i urz\u0105dze\u0144 technologicznych<\/li><li>Trasy kablowe dla kabli energetycznych<\/li><li>Przepusty w postaci pustych rur, przej\u015b\u0107 kablowych, drabinek kablowych, kana\u0142\u00f3w instalacyjnych, korytek kablowych,<\/li><li>Instalacja ochrony od pora\u017ce\u0144<\/li><li>Instalacja ochrony przepi\u0119ciowej<\/li><li>Uszczelnienia ppo\u017c.<\/li><li>Przeciwpo\u017carowy wy\u0142\u0105cznik pr\u0105du<\/li><\/ul>\t\t\t\t\t<\/div>\n\t\t\t\t\t\t<\/div>\n\t\t\t\t<\/div>\n\t\t\t\t\t\t<\/div>\n\t\t\t\t\t<\/div>\n\t\t<\/div>\n\t\t\t\t\t\t\t\t<\/div>\n\t\t\t\t\t<\/div>\n\t\t<\/section>\n\t\t\t\t\t\t<\/div>\n\t\t\t\t\t\t<\/div>\n\t\t\t\t\t<\/div>\n\t\t","protected":false},"excerpt":{"rendered":"<p>Back Previous Next https:\/\/www.google.pl\/maps\/place\/M%C5%82odzie%C5%BCowy+Dom+Kultury+nr+1\/ PRZEBUDOWA ISTNIEJ\u0104CYCH BUDYNK\u00d3W, ROZBI\u00d3RKA OBIEKTU GOSPODARCZEGO, BUDOWA WEWN\u0118TRZNEJ INSTALACJI GAZU, ZMIANA SPOSOBU U\u017bYTKOWANIA POMIESZCZE\u0143 PODDASZA BUDYNKU A, I PI\u0118TRA BUDYNKU C, BUDYNKU D, I PI\u0118TRA I PODDASZA BUDYNKU E, BUDOWA NOWEGO BUDYNKU GOSPODARCZEGO, WRAZ Z ZAGOSPODAROWANIEM I REWALORYZACJ\u0104 TERENU ORAZ INFRASTRUKTUR\u0104 TOWARZYSZ\u0104C\u0104 NA TERENIE OGRODU JORDANOWSKIEGO &#8222;DZIECINIEC POD S\u0141O\u0143CEM&#8221;. Kubatura budynku:<br \/><a class=\"moretag\" href=\"https:\/\/entelpro.pl\/index.php\/dzieciniec-pod-sloncem\/\">+ Read More<\/a><\/p>\n","protected":false},"author":1,"featured_media":0,"parent":0,"menu_order":0,"comment_status":"closed","ping_status":"closed","template":"","meta":[],"_links":{"self":[{"href":"https:\/\/entelpro.pl\/index.php\/wp-json\/wp\/v2\/pages\/896"}],"collection":[{"href":"https:\/\/entelpro.pl\/index.php\/wp-json\/wp\/v2\/pages"}],"about":[{"href":"https:\/\/entelpro.pl\/index.php\/wp-json\/wp\/v2\/types\/page"}],"author":[{"embeddable":true,"href":"https:\/\/entelpro.pl\/index.php\/wp-json\/wp\/v2\/users\/1"}],"replies":[{"embeddable":true,"href":"https:\/\/entelpro.pl\/index.php\/wp-json\/wp\/v2\/comments?post=896"}],"version-history":[{"count":9,"href":"https:\/\/entelpro.pl\/index.php\/wp-json\/wp\/v2\/pages\/896\/revisions"}],"predecessor-version":[{"id":1285,"href":"https:\/\/entelpro.pl\/index.php\/wp-json\/wp\/v2\/pages\/896\/revisions\/1285"}],"wp:attachment":[{"href":"https:\/\/entelpro.pl\/index.php\/wp-json\/wp\/v2\/media?parent=896"}],"curies":[{"name":"wp","href":"https:\/\/api.w.org\/{rel}","templated":true}]}}